t - 4*t + 5*l, -913 = -2*t - 5*l. Suppose -2*o = -3*o + 5*g + 159, 3*o - 4*g = t. List the prime factors of o.
2, 3
Let c(v) = 2*v**2 - 4*v. Let y(r) = -2*r**2 + 5*r. Let w(p) = 4*c(p) + 3*y(p). Let l be w(2). Suppose 14 = s - l. List the prime factors of s.
2, 5
Let v(w) = 10*w + 23. Let c = -4 - -10. What are the prime factors of v(c)?
83
Let m(t) = -t**3 + 17*t**2 - 15*t - 9. Let d be m(16). Suppose b - d = 4*q - 6*q, 0 = -2*b - 6. Let w(l) = 10*l + 12. What are the prime factors of w(q)?
2, 31
List the prime factors of 324/30*((-1)/1 + 76).
2, 3, 5
Let a = 79 - 32. Suppose -3*k + 3 = 0, -2*n + n = -3*k - a. List the prime factors of n.
2, 5
Let t(r) = r**2 + 33*r + 308. What are the prime factors of t(-28)?
2, 3, 7
Let i = -1 + 4. Suppose i = k - 5. List the prime factors of k.
2
Let a be 3*(-1)/(-3)*0. Suppose a = -4*f - 10 + 2. List the prime factors of f - 1*(-41 + 3).
2, 3
Let b(g) = -4*g**3 + 11*g**2 - 10 - g + 13*g**3 - 8*g**3. Let r be b(-11). List the prime factors of r/(-3 + 88/29).
29
Let q(p) = -p - 8. Let b be q(-6). List the prime factors of b/12*-4*(-159)/(-2).
53
Let b be (9 - 3)*(-1)/2. Let i be (-13)/b - 2/(-3). Suppose 3*z - i*n = 23, -3*z - n - 3*n + 68 = 0. What are the prime factors of z?
2
Let p(h) = -7*h**2 - 2*h - 18. Let c be p(5). Let x = 102 - c. List the prime factors of x.
5, 61
Suppose 0 = -n + 4*n - 39. Suppose -193*y + 203*y - 10 = 0. Let g = n + y. List the prime factors of g.
2, 7
Let h(k) = 24*k**2 + 27*k**2 - 52*k**2 + 2*k**3 + 3 - 6*k. List the prime factors of h(5).
2, 3, 11
Suppose d + 3*s = -9, 2*s = 8*d - 3*d - 6. Suppose 101 = y + 2*u, d = y - 6*y + u + 560. What are the prime factors of y?
3, 37
Suppose -2*y + 0*y - 2*u + 1030 = 0, 3*y - 1539 = -u. What are the prime factors of y?
2
Let i(t) = t**3 - 4*t**2 + 2*t + 4. Let m be i(6). Suppose -5*n + 3*k = -49 - 37, 4*n + 4*k = m. What are the prime factors of n?
19
Suppose -4*d - 12 = 2*b, b + 3*d + 3 = -2*b. Suppose 0 = 2*z - 2, -5*r + z + 2*z + 62 = 0. What are the prime factors of 37/r - b/(-26)?
3
Let c(d) = -2*d + 2. Let p be c(9). What are the prime factors of (-12)/16 + (-492)/p?
2, 3, 5
Let m = -802 - -850. Let l be (10/4)/(2/68). Let h = l - m. List the prime factors of h.
37
Let c = -178 - -1788. List the prime factors of c.
2, 5, 7, 23
Suppose 3*w + 27*v - 24*v - 4206 = 0, 4*w = -3*v + 5612. What are the prime factors of w?
2, 19, 37
Let i = -146 - -31. List the prime factors of (-2 - -1)*(4 + -3) - i.
2, 3, 19
Let j(g) = g**2 + g + 9. Suppose 11*s = 5*s - 42. What are the prime factors of j(s)?
3, 17
Let m(y) = -y + 4. Let u be m(5). Let j(p) = 2*p**3 + p**2 - p - 1. Let r be j(u). List the prime factors of (r - 1) + (-4 - -10).
2
Let k(c) = -c**3 - 4*c**2 - c + 1. Let i be k(-3). Let z(a) = 4*a - 3*a - 3 - 4*a + 0*a. What are the prime factors of z(i)?
2, 3
Let b = 13 - 21. Let l = 13 + b. Suppose 3*z - 22 = -r + 3, l*z = -3*r + 75. What are the prime factors of r?
5
Suppose 0 = -8*p + 5*p + 54. Let j be (-2)/12 + 183/p. Suppose -z = -36 + j. List the prime factors of z.
2, 13
Let d(h) = 13*h**2 - 4*h - 1. Suppose -s = -4*f + 1, 0*f + f - 4 = 4*s. What are the prime factors of d(s)?
2
Suppose -2*p + 40 = -b, -2*b - 2*b - 3*p - 105 = 0. Suppose 5*s = -0*s + 360. Let t = s + b. List the prime factors of t.
2, 3, 7
Suppose 4*d + 588 = 156. Suppose 3*a - 310 = 5*l, 5*l - a + 5*a = -275. Let w = l - d. List the prime factors of w.
7
Let n(m) = -m - 20. Let w be n(-8). What are the prime factors of 18*w/18*-12?
2, 3
Let v(f) = -2 - f + 7*f - 2*f + f**2. Let k = 272 + -267. List the prime factors of v(k).
43
What are the prime factors of (3 - -2190)*(-10)/(-30)?
17, 43
Let h(v) = v**2 + 10*v + 10. Let r be h(-8). Let s(z) = -9*z - 2. Let y be s(r). Let t = 112 - y. List the prime factors of t.
2, 3, 5
Let z = 2353 - 318. List the prime factors of z.
5, 11, 37
Let c(t) = 4*t**2 - 6*t - 16. Let v be c(-8). Let o = v - 24. What are the prime factors of o?
2, 3, 11
Let x be (12/(-10))/(6/(-15)). Suppose 0*k = i - 4*k, 3*i + x*k = 0. Suppose 2*y - 5*w - 1 = i, 0*y + w - 7 = -2*y. What are the prime factors of y?
3
Suppose g - 37 = -3*g + 5*i, -3*g - i + 23 = 0. List the prime factors of -42*(0 - -1)/(g/(-12)).
3, 7
Let s be 3 + 0 - (0 - -3). Suppose -p = -4*m - m, s = -3*m - 5*p. Suppose n + n - 14 = m. What are the prime factors of n?
7
Suppose -4*r = 370 - 4094. What are the prime factors of r?
7, 19
Suppose 4*n - 3*a = 2*n - 46, 4*a = 4*n + 88. Let v be 48/5 - (-12)/n. What are the prime factors of (-492)/(-27) - 2/v?
2, 3
Let n be 1/(-3 + -3 + 22/4). Let o(j) = -12*j**3 - j**2 - j. List the prime factors of o(n).
2, 47
Let t(m) = -m - m**3 + 32 - 2 + m**2 - 3*m**2. What are the prime factors of t(0)?
2, 3, 5
Suppose 2*r = -2*u + 8, 6*r - 5*u - 28 = 3*r. Suppose 3*s = -r*a + a + 53, -3*s - 7 = -a. What are the prime factors of a?
2, 5
Suppose 3*r + 3*d = 132, -3*r + 80 + 57 = 4*d. Suppose -3*k + 4*h + r = 0, h - 32 = -k - 12. List the prime factors of k.
17
Let j = -729 - -520. Let p = j - -293. List the prime factors of p.
2, 3, 7
Suppose 4*g = 5*h + 1588, -g + 3*h + 382 = -2*h. What are the prime factors of g?
2, 3, 67
Let d(v) = 5*v + 22. Let m be d(-7). Let s = 44 - m. What are the prime factors of s?
3, 19
List the prime factors of 0 - (28245/(-135) + 4/18).
11, 19
Let k be 277 + (1 + 2)/(-3). List the prime factors of (3 - 1 - 0) + k.
2, 139
Suppose 0 = 3*o + 32 - 8. What are the prime factors of 2/(-5) - ((-18576)/(-30))/o?
7, 11
List the prime factors of (-1*258/4)/(29/(-754)).
3, 13, 43
Let g = 212 + -67. Suppose z = -2*o + g, 0 = -2*o + 5*o + z - 218. What are the prime factors of o?
73
Suppose -2137 - 968 = -5*m. What are the prime factors of m?
3, 23
Suppose -5 = -o, 0 = -7*d + 5*d + 5*o + 5867. What are the prime factors of d?
2, 3, 491
Let u(i) = 6*i - 1. Let a be u(1). Let v = 4 + a. List the prime factors of v.
3
Suppose h = -3*h - 296. Let c = h - -129. What are the prime factors of c?
5, 11
Let f be 12/9 + (-99)/(-27). Suppose -s - 324 = -f*v, 5*s + 7 = -3*v + 179. List the prime factors of v.
2
Suppose -5*t + 78 = 8*t. List the prime factors of (11/((-22)/(-100)))/(3/t).
2, 5
Let i(g) = -43*g**2 + g. Let j be i(-1). Let l be 2/(-7) - (-4032)/49. Let z = j + l. What are the prime factors of z?
2, 19
Let o(u) = u**3 + 12*u**2 + 13*u + 5. Let n be o(-10). List the prime factors of n + 3 + -7 + 1.
2, 3
Let x = 22 + -38. Let a(w) = -w**3 - 10*w**2 - 7*w + 13. Let n be a(-9). Let z = n - x. List the prime factors of z.
11
Suppose y - 19 = -2*t - 3*t, 4*t = 12. Suppose -4*n - 4*l + 119 = -349, -2*l + 472 = y*n. What are the prime factors of n?
7, 17
Let r = 26 - 14. Suppose -4*k - 79 = -d - r, -5*d = -3*k - 267. List the prime factors of d.
3, 17
Let q(f) = -f**2 + 8*f - 7. Suppose 2*b - 10 - 4 = 0. Let c be q(b). Suppose 5*z + 5*a - 280 = -c*a, z = -2*a + 61. What are the prime factors of z?
3, 17
Let w be (-3114)/(-21) + (-10)/35. Suppose w = 2*l + 26. Suppose -3*b = -g + 69, 0*b - b - l = -g. What are the prime factors of g?
3, 19
Let l(b) = -2*b - 7. Let c be l(-8). Let f = 6 + c. What are the prime factors of (f/10)/((-3)/(-4))?
2
Let s(q) = q - 3. Let y be s(-8). Let i be (-2)/3 - y/3. Let j = -1 + i. List the prime factors of j.
2
Let r(x) = x**3 + 2*x**2 - x. Let s be r(1). Suppose -7 - 7 = -s*a. Suppose 0 = 2*b - 3*d - 29, 3*b - 2*d + a*d = -4. List the prime factors of b.
7
Let f be (12/8 - 0)*10. Let k = f - 12. What are the prime factors of (15/(-10))/(k/(-70))?
5, 7
Let i(g) be the first derivative of 2*g**2 + 3*g - 2. Let o(j) = -3*j - 2. Let d(s) = 5*i(s) + 6*o(s). What are the prime factors of d(5)?
13
Let f = -8 + 13. Suppose 76 = 5*q + w, 0*q - 4 = q + f*w. Suppose -q + 40 = 3*h. What are the prime factors of h?
2
Let l(j) = -36*j + 28. Suppose -3*s - g - 9 - 4 = 0, 5*s = -2*g - 23. List the prime factors of l(s).
2, 17
List the prime factors of 92772/189*14/4.
2, 859
Let w be 8/20 - (-27)/(-5). Let u be (-7 + 9)*w/(-2). Suppose 0 = -p + u*b + 13 + 15, -b = 4. What are the prime factors of p?
2
Suppose i + 2 - 10 = 0. Suppose i*w - 418 + 42 = 0. List the prime factors of w.
47
Let p(r) = r**3 + 9*r**2 - 5*r + 5. Let i be p(-9). Suppose -5*b + 339 = -2*d, 160 + i = 3*b + d. What are the prime factors of b?
3, 23